a(u) be the first derivative of 34*u**3/3 + u**2/2 - 6. What is the units digit of a(-1)?
3
Let m(s) = s - 1. Let z(j) = 4*j - 15. Let r(l) = 5*m(l) - z(l). Let g be r(-10). Suppose 0*k + 3*k - 147 = g. What is the units digit of k?
9
Suppose 4*d + 0*d = 5*x + 7892, 0 = -d - x + 1964. What is the thousands digit of d?
1
What is the tens digit of (-153)/15*(-22 - 133)?
8
Let v be (4/(-8))/((-3)/(-6)). What is the tens digit of 465/5 - (-1)/v?
9
Let z(p) = p**3 + 3. Let k be (-1)/(-2)*0/2. Let w be z(k). What is the units digit of 8/((0 - 2) + w)?
8
Let g = -9 - -10. Let y be (-110)/(-12) - g/6. Let w = -3 + y. What is the units digit of w?
6
Let h = 237 + 1406. What is the thousands digit of h?
1
Let h = 5581 - 3624. What is the units digit of h?
7
What is the tens digit of ((-366)/8)/(24/(-64))?
2
Suppose 1075 = -52*u + 57*u. Suppose -2*y + 5*a = -416, -y + u = -4*a + 5*a. What is the tens digit of y?
1
Suppose 0 = -9*d - 905 + 6341. What is the hundreds digit of d?
6
Let b = -880 - -1758. What is the units digit of b?
8
Suppose -2305 = 94*m - 99*m. What is the hundreds digit of m?
4
Let f be (61 - (-7 - -4)) + -3. What is the tens digit of -2 + f + (-4)/4?
5
Let d(h) = h**3 + 5*h**2 + 9. Suppose 4*w - 13 = 51. Suppose w = -4*b - 0*b. What is the units digit of d(b)?
5
Let y(a) = -21*a - 10. Let q(o) = -41*o - 19. Let w(c) = 6*q(c) - 10*y(c). What is the units digit of w(-3)?
4
Let k(i) = -7*i**3 - 3*i**2 - 9*i - 6. Let q(f) = 8*f**3 + 4*f**2 + 10*f + 7. Let r(s) = -7*k(s) - 6*q(s). What is the units digit of r(3)?
9
Suppose -q - 3*z + 51 = 0, 4*z = q - 0*q - 30. Suppose 3*i + q - 156 = 0. Let t = i - 4. What is the tens digit of t?
3
Suppose -20 = -3*r - r. What is the tens digit of (-14)/35 - (-57)/r?
1
Let s(d) = -d + 9. Let h be s(7). Suppose -4*y = 2*u + h*u - 36, 0 = 4*y - 2*u - 18. Suppose 3*t + 153 = y*t. What is the tens digit of t?
5
Let a = -24 + 29. Suppose -a*g + 16 = l, -2*l - g - g = -48. What is the tens digit of l?
2
Let a = 17 + -15. Suppose 0 = a*d + 20 - 88. What is the tens digit of d?
3
What is the tens digit of (-4798)/(-3) - 5/15?
9
Let k = 25 + -14. Let v = -6 + k. Suppose 110 = 5*f + v*u, 0*f + 3*f - u - 70 = 0. What is the tens digit of f?
2
Let z(k) = -k**3 + 25*k**2 + 10*k + 20. What is the tens digit of z(24)?
3
Let v(n) = -48*n. Let u be v(-2). Suppose -4*y + u = 5*i - y, 54 = 3*i + 3*y. What is the tens digit of ((-3)/(-2))/(i/280)?
2
Suppose 0*y - y + 2 = 0, -3*y = -t - 4. What is the units digit of t?
2
Let v(y) = 2*y**2 - 14*y + 35. What is the units digit of v(16)?
3
Suppose -4*g = 3*z + z + 20, -3*g = 5*z + 17. Let f = 2 - g. Let o(t) = 5*t + 2. What is the units digit of o(f)?
2
Let b(x) = 3*x**3 + 4*x**2 - 2. Let z be b(-3). Let q = -28 - z. What is the units digit of q?
9
Suppose 0*b + 15*b - 1245 = 0. What is the units digit of b?
3
Suppose 11 + 22 = 3*l. Let d be -1*10/2*(-2)/2. Suppose d*i - l - 39 = 0. What is the tens digit of i?
1
Let j = -2185 + 4626. What is the hundreds digit of j?
4
Let z(p) = -3*p - p**2 + 3 + p + 2*p**2. Suppose -5*a + 2*t = 0, 3*t - 9 = 6. What is the units digit of z(a)?
3
What is the hundreds digit of (-12 - 3)/(10/(-150))?
2
Let o = 33 - 33. Suppose o = h + 2*h, -5*h = -5*l + 260. What is the tens digit of l?
5
Let l(v) = -1738*v + 129. What is the tens digit of l(-2)?
0
Let d be 72/(-6)*(-90)/8. Let f(s) = 14*s - 2*s + 120 - d - s. What is the units digit of f(7)?
2
Suppose 1096 = 4*g - 8584. What is the tens digit of g?
2
Let z = 11 - 16. Let t(g) = -g**3 - 6*g**2 - 7*g. Let r be t(z). Suppose -6*n + n + r = 0. What is the units digit of n?
2
Suppose -n + 18 = 4*w, -5*w + 176 - 41 = 5*n. Let d be ((-104)/20)/((-2)/n). Let b = d + -48. What is the tens digit of b?
3
Suppose 0 = 16*v - 15*v - 119. Suppose -3*w - 245 = p, 0*w - 249 = 3*w + 3*p. Let b = v + w. What is the tens digit of b?
3
Let x(t) = -11*t**3 - 2*t**2. Let u be x(2). Let c = u + 146. Suppose -c*n + 49*n + 47 = 0. What is the tens digit of n?
4
Let r = 869 - -545. What is the tens digit of r?
1
Suppose -30 = -5*x - 10. Suppose x*l = -2*y + 82, -4*l = y + 2*y - 125. Let u = y + 0. What is the units digit of u?
3
Suppose a + y - 732 = 0, 2*a - 1433 - 24 = 5*y. What is the units digit of a?
1
Let t(i) = -i**3 - i**2 - 25*i - 6. What is the tens digit of t(-9)?
6
Let o = -35 - -33. Let q(k) = -14*k**3 + 2*k**2 + 2*k + 4. What is the tens digit of q(o)?
2
Let j(b) = 0*b - 2*b + 4*b + 3 + b**3 - b. Let r be j(0). Suppose -138 = -r*q - 3*q. What is the tens digit of q?
2
Suppose -16*r + 19*r = 27. What is the tens digit of 43 - -1 - (-7 + r)?
4
Let b = 39 - 71. Let c = b - -34. Suppose 4*i - 7*i - c*m = -205, -3*i + 2*m + 197 = 0. What is the units digit of i?
7
Suppose -964 = -576*o + 574*o. What is the units digit of o?
2
Suppose -5*z + 28 = -12*z. Let k(t) = t**3 + 3*t**2 - 3*t + 7. Let r be k(z). Suppose r*g + 68 = 4*m, 28 - 4 = 2*m + g. What is the units digit of m?
4
Suppose 24*y - 15689 = -1961. What is the units digit of y?
2
Let v = -1 + 0. Suppose -3 + 0 = -3*q. What is the tens digit of (-75 + q)*v - 0?
7
Let v(s) = -4*s + s + 8 + s**3 - 5*s - 7*s**2. What is the units digit of v(8)?
8
Let y = -436 + 2612. What is the tens digit of y?
7
Suppose -5*g + 124 + 106 = 0. Let y = g + -38. What is the units digit of y?
8
Suppose 0 = -11*c - 27*c + 28652. What is the tens digit of c?
5
Suppose 2*y = -3*a + 3*y, a + 2*y = 0. Suppose 5*r - 11 - 404 = a. What is the tens digit of r?
8
Let c(z) = z**2 - 13*z - 46. What is the tens digit of c(19)?
6
Let v(l) = -67*l - 112. What is the tens digit of v(-9)?
9
Suppose 4*b - 136 - 2724 = 0. What is the units digit of b?
5
Suppose -7 + 37 = 5*j. Suppose j = 2*i, -9 = -4*b + b - 3*i. Suppose 16 = c - b*c. What is the units digit of c?
6
Let v = 2429 - 439. What is the units digit of v?
0
Suppose 5*m + 3989 = 3*n, -36*m + 35*m = -4*n + 5313. What is the thousands digit of n?
1
What is the units digit of -1154*((-2)/(-9) + 156/(-216))?
7
Suppose 5*k - 2*w - 1660 = 0, -w = -k - 2*k + 996. Suppose k = 4*v - 0*v. What is the tens digit of v?
8
What is the tens digit of (13172/(-370))/((-1)/105)?
3
Suppose 3*y - 2*y - 5 = 3*r, -y + 7 = -4*r. Let q(j) be the second derivative of j**3/6 + j**2 + 4*j. What is the units digit of q(y)?
1
Suppose -22998 = -5*z + n, 19947 = 5*z - 3*n - 3057. What is the tens digit of z?
9
Suppose 0 = 2*x - 19 - 987. What is the hundreds digit of x?
5
Let h = 315 - 142. What is the tens digit of h?
7
Suppose l = 351 + 594. What is the hundreds digit of l?
9
Let r = -846 - -1006. What is the units digit of r?
0
Suppose -3*q + 925 + 581 = 0. What is the units digit of q?
2
Let s(d) = -d**2 + 3*d + 7. Let r be s(4). Suppose 3*v = -3*l - 2*l + 9, 3*l - 15 = r*v. Suppose 77 = l*h + 4*h. What is the tens digit of h?
1
Let d = 117 + 106. Suppose -2*f + 249 = -d. What is the hundreds digit of f?
2
Let w = -9 - -11. Let t = w + 29. What is the units digit of t?
1
Let r(c) = -9*c - 12. Let x be (-3 - -1 - (-7 - -6))*7. What is the tens digit of r(x)?
5
Suppose -39 = -2*x - 15. Let g = x - 5. What is the units digit of 64/(-3 + g)*2?
2
What is the units digit of -1*1/(2/(-554))?
7
Let m(s) = -s - 3. Let l be m(-2). Let g(n) = 2*n + 1. Let q be g(l). What is the tens digit of 147/15 + q/(-5)?
1
Suppose -60 = 5*u - u. Let g = u - -16. Suppose -2*l + 21 = n, 3 + g = -l. What is the units digit of n?
9
Let g = -139 + 158. Suppose g*b - 1964 - 1646 = 0. What is the units digit of b?
0
Suppose -5 = -5*o - 3*l + 29, l = 5*o - 42. Suppose -10 = 3*p - o*p. Suppose p*u = -4*q + 64, 2*u + 52 = 4*u - 2*q. What is the units digit of u?
8
Let d be 20 - ((-2 - -4) + 0). Suppose -k - x + 4 = 2*x, -2*k - 5*x + 7 = 0. Let q = d + k. What is the tens digit of q?
1
Let v(x) = x**3 - 4*x**2 - 12*x + 7. What is the units digit of v(7)?
0
Suppose 5*k - 89 + 4 = -3*p, -p + 43 = -2*k. Suppose 0 = 5*g + h - 660, -p = -g + 2*h + 86. What is the units digit of g?
1
Suppose -4*o + 742 = -206. What is the units digit of o?
7
Let p(d) = -7*d**2 - 10*d + 3 + 3 + 10 - d**3 - 9*d. What is the tens digit of p(-7)?
4
Let f(b) = -b**2 + 10*b - 7. Let h be f(7). Let y = h + -14. Suppose y = 2*z + j - 98, 5*j - 67 = 4*z - 5*z. What is the units digit of z?
7
What is the tens digit of (-1825)/(-5)